Calculate the greatest common factor of 40 and 1153740.
20
What is the highest common divisor of 8352 and 1000?
8
Calculate the greatest common divisor of 143363 and 55.
11
Calculate the highest common factor of 27383 and 5143.
139
What is the greatest common factor of 12 and 159738?
6
What is the greatest common divisor of 3729 and 1280742?
339
Calculate the highest common factor of 37960 and 6760.
520
What is the highest common factor of 303 and 707?
101
Calculate the greatest common factor of 271996 and 2173.
53
What is the highest common divisor of 2397029 and 857?
857
What is the highest common factor of 78 and 10086?
6
Calculate the highest common factor of 488196 and 781.
71
What is the highest common divisor of 4809 and 91?
7
Calculate the highest common divisor of 10624 and 80.
16
What is the greatest common factor of 717570 and 1170?
90
Calculate the greatest common factor of 264686 and 2314.
178
What is the highest common divisor of 382 and 1758?
2
Calculate the highest common factor of 14263 and 697.
17
Calculate the greatest common factor of 24 and 212344.
8
Calculate the highest common divisor of 27 and 275949.
9
Calculate the highest common divisor of 5832 and 1206.
18
What is the greatest common factor of 936 and 241020?
468
Calculate the greatest common factor of 2252074 and 22.
22
What is the greatest common factor of 15876 and 33696?
324
Calculate the highest common divisor of 2133058 and 43.
43
What is the greatest common divisor of 123 and 1247179?
41
Calculate the highest common divisor of 800 and 3104.
32
Calculate the highest common factor of 6512 and 136.
8
What is the highest common factor of 9804 and 1524?
12
What is the highest common factor of 22915 and 10?
5
Calculate the greatest common factor of 520300 and 3870.
430
What is the highest common factor of 546304 and 22?
22
What is the highest common factor of 14404 and 104?
52
What is the greatest common factor of 75 and 2015070?
15
What is the greatest common divisor of 39 and 26403?
39
Calculate the greatest common divisor of 31354 and 488.
122
Calculate the greatest common factor of 145 and 12209.
29
Calculate the highest common factor of 29230 and 370.
370
What is the highest common divisor of 1160 and 25000?
40
What is the greatest common divisor of 2631272 and 209?
19
What is the highest common divisor of 31889 and 26?
13
Calculate the highest common factor of 1767 and 97929.
93
What is the greatest common divisor of 5424 and 34296?
24
Calculate the highest common divisor of 98974 and 781.
71
Calculate the highest common factor of 26080 and 2315.
5
What is the highest common factor of 28659 and 369?
123
Calculate the highest common factor of 456 and 748182.
114
Calculate the greatest common divisor of 40 and 32400.
40
Calculate the highest common divisor of 702 and 56394.
234
Calculate the highest common factor of 14318527 and 43.
43
Calculate the highest common divisor of 13050 and 71920.
290
Calculate the greatest common factor of 135733 and 394.
197
Calculate the highest common divisor of 11762789 and 346.
173
Calculate the greatest common divisor of 61152 and 912.
48
Calculate the highest common divisor of 316 and 135722.
158
Calculate the highest common factor of 2433456 and 262.
262
What is the greatest common factor of 1445200 and 3600?
400
What is the highest common factor of 117 and 186927?
39
What is the greatest common factor of 24 and 18300?
12
What is the highest common factor of 11562 and 3090?
6
Calculate the highest common factor of 36980 and 325940.
860
What is the highest common divisor of 204822 and 486?
54
Calculate the greatest common factor of 391 and 1172011.
23
What is the highest common divisor of 13713 and 119?
7
Calculate the greatest common divisor of 115 and 201710.
115
Calculate the greatest common divisor of 147649 and 1216.
19
Calculate the greatest common factor of 3051 and 1431.
27
Calculate the highest common factor of 47952 and 7074.
54
Calculate the greatest common divisor of 861500 and 150.
50
What is the highest common factor of 65 and 8769995?
65
What is the greatest common factor of 560 and 187880?
280
What is the greatest common divisor of 1007003 and 4548?
379
What is the greatest common factor of 576834 and 2286?
762
What is the greatest common divisor of 109399 and 186?
31
What is the greatest common divisor of 27260 and 12180?
580
What is the highest common factor of 4070 and 55130?
370
Calculate the highest common factor of 1157 and 1183.
13
Calculate the highest common factor of 268160 and 512.
128
Calculate the highest common divisor of 4 and 810868.
4
Calculate the greatest common factor of 3415572 and 68.
68
Calculate the greatest common divisor of 36 and 670104.
36
What is the greatest common divisor of 55 and 493955?
55
Calculate the greatest common divisor of 36273 and 105429.
339
Calculate the greatest common factor of 468 and 226746.
234
Calculate the greatest common divisor of 13012 and 200.
4
What is the highest common factor of 1275 and 412131?
51
Calculate the highest common divisor of 4802 and 14602.
98
What is the greatest common factor of 2 and 19442?
2
What is the greatest common factor of 59569 and 781?
71
Calculate the highest common factor of 162725 and 125.
25
What is the greatest common factor of 53818 and 22361?
379
Calculate the highest common factor of 3800 and 34550.
50
Calculate the greatest common divisor of 462 and 12782.
154
What is the greatest common factor of 117 and 10608?
39
Calculate the highest common divisor of 4153164 and 12.
12
What is the greatest common factor of 1890 and 12870?
90
Calculate the highest common divisor of 86 and 4976.
2
Calculate the greatest common divisor of 41 and 416519.
41
Calculate the greatest common factor of 8379 and 26901.
441
What is the highest common divisor of 391214 and 1118?
86
Calculate the highest common divisor of 190775 and 169.
13
Calculate the highest common factor of 19808 and 32.
32
What is the highest common factor of 445 and 8127035?
445
What is the greatest common factor of 5617 and 656?
41
What is the highest common factor of 57 and 3654536?
19
What is the highest common factor of 697 and 1053167?
697
Calculate the greatest common factor of 10244 and 6698.
394
What is the highest common divisor of 422777 and 619?
619
What is the greatest common factor of 48840 and 64?
8
Calculate the highest common factor of 50 and 47510.
10
What is the greatest common divisor of 4010 and 130?
10
What is the greatest common factor of 1834 and 616?
14
What is the highest common factor of 15281 and 649?
59
What is the greatest common factor of 319583 and 187?
187
Calculate the greatest common divisor of 18 and 42010.
2
Calculate the greatest common divisor of 1624 and 2968.
56
What is the highest common factor of 95 and 116375?
95
What is the greatest common factor of 812 and 3052?
28
What is the greatest common divisor of 20645516 and 236?
236
Calculate the highest common divisor of 389296 and 29.
29
What is the highest common factor of 60 and 3221565?
15
Calculate the highest common factor of 10819 and 899.
31
What is the highest common divisor of 1165317 and 1244?
311
What is the highest common divisor of 614 and 101617?
307
What is the greatest common divisor of 546 and 121030?
182
What is the highest common factor of 166097 and 163?
163
What is the highest common factor of 3784 and 1496?
88
Calculate the greatest common factor of 8718 and 210.
6
Calculate the greatest common factor of 800 and 51050.
50
Calculate the highest common factor of 65992 and 10585.
73
What is the highest common divisor of 54948 and 1368?
228
What is the highest common divisor of 63888 and 1728?
48
What is the highest common divisor of 91581 and 42?
21
Calculate the greatest common divisor of 431677 and 43.
43
What is the highest common divisor of 2156 and 166551?
539
Calculate the greatest common factor of 178 and 59630.
178
What is the greatest common divisor of 2450 and 450?
50
Calculate the greatest common factor of 110 and 7249.
11
Calculate the highest common divisor of 89740 and 700.
140
Calculate the highest common divisor of 260 and 2560.
20
Calculate the greatest common factor of 3115 and 26344.
89
Calculate the greatest common divisor of 2133759 and 50